the remainder when 113 is divided by l.
26
Let v(k) = 7*k - 70. Calculate the remainder when v(12) is divided by (-3 - -1) + 14/2.
4
Suppose -28 = -14*d + 10*d. Suppose 0 = x - 4*z - 75, 4*z + 15 = d*z. What is the remainder when x is divided by 32?
31
Calculate the remainder when 4*(-20)/(-32)*(-16)/(-2) is divided by 8.
4
Let k(y) = y**2 + 24*y + 28. Let t be k(-23). Suppose t*c - 90 = 2*l, 4*c - c - 45 = 3*l. What is the remainder when c is divided by 4?
0
Let o(h) = -h. Let m be o(-2). Suppose m*s = s - 3. What is the remainder when -2*((-6)/s + -7) is divided by 3?
1
Let n be (-6)/(-3) + 2*1031. Let d be n/36 - (-8)/(-6). Let l = d + -29. Calculate the remainder when 79 is divided by l.
25
Let q = 990 + -972. What is the remainder when 133 is divided by q?
7
Calculate the remainder when (-10)/8 + 1425/20 is divided by 37.
33
Suppose 0 = -5*q + 10. Suppose -61*b - 1 = -62*b. What is the remainder when q is divided by b?
0
Suppose -2*m - 6*f + 2*f + 6 = 0, -4*m = -2*f - 62. What is the remainder when 3352 is divided by m?
11
Suppose -u = 2*u + 9. Suppose -43*j - 300 = -2364. What is the remainder when j is divided by -2 + 36/u*-1?
8
Suppose -13*t = 7*t - 1080. What is the remainder when t is divided by 40?
14
Suppose 4*n - 21 = -5*q, 4*n = 2*q - 11 - 3. What is the remainder when ((-5)/15)/(n/207) is divided by 9/4*(1 + 7)?
15
Let x = 250 + -182. Calculate the remainder when x is divided by 10.
8
Let b = -18 - -43. Suppose c + 2*r - 4 - 1 = 0, -b = -5*c + 4*r. Let f = c - -7. Calculate the remainder when 33 is divided by f.
9
Suppose 0 = u + 4*u - 300. Suppose u = 5*a - 0*a. Calculate the remainder when 3/(a/88) - -3 is divided by 14.
11
Calculate the remainder when ((-1)/1 + 2)*57 is divided by (-240)/50*(3 - (-11)/(-2)).
9
Let o = -214 + 225. What is the remainder when 1891 is divided by o?
10
Let i(w) = -4*w**2 + 71*w - 82. What is the remainder when 207 is divided by i(16)?
27
What is the remainder when 776 is divided by ((-1)/(-2))/(9/1404)?
74
Let h(v) = -15*v - 2. Let w be h(-2). Let t = -15 + w. What is the remainder when 49 is divided by t?
10
Suppose 5*h - 2*h - 156 = 0. Let t = -18 + h. Calculate the remainder when t is divided by 6.
4
Let g(k) = -3*k**3 + 7*k**2 - 4*k + 7. Let b be g(4). Let i = -68 - b. What is the remainder when 41 is divided by i?
20
Suppose -j - 159 = -4*k, 4*k - 171 = -6*j + 11*j. What is the remainder when k is divided by 9?
3
Let l(d) = d**2 + 10*d - 364. Calculate the remainder when l(-25) is divided by 1/((5/(-6))/(-5)).
5
Let b = 259 - 242. What is the remainder when b is divided by 11?
6
Let s be (-2)/1 + (-2 - -5) + 32. Let h = s + -28. What is the remainder when h is divided by 2?
1
Suppose -550 = -5*c - 55. What is the remainder when (-438)/(-11) + 18/c is divided by 14?
12
Suppose -58*a = 36*a - 17484. Calculate the remainder when a is divided by 100.
86
Let p(t) = -t**3 - 30*t**2 - 106*t - 36. Calculate the remainder when p(-26) is divided by 10.
6
Let o(n) = -31*n - 431. What is the remainder when 200 is divided by o(-17)?
8
Suppose 0 - 23 = p. Let k = p + 34. Calculate the remainder when k is divided by 3.
2
Suppose -50*j - 124 = -774. Let o(y) = -y**3 - 6*y**2 + 5. Calculate the remainder when o(-7) is divided by j.
2
Suppose 3*t = 2*t + 2. Let p = 29 - -65. Suppose 5*i = 3*o - 66, -7*o + t*o + 3*i + p = 0. Calculate the remainder when o is divided by 10.
7
Suppose -18*s = -0 - 378. Calculate the remainder when s is divided by 5.
1
Suppose -68 = 5*f - 0*g + g, -2*g = 4*f + 58. Let t be -25 - 3/15*5. Let i = f - t. Calculate the remainder when 49 is divided by i.
10
Let y = -8 + 11. Suppose -5*h + 22 = -3*c - 0*c, -2*c - 8 = 0. Calculate the remainder when y is divided by h + 0 - 0/2.
1
Calculate the remainder when 1/(-1 + 2) + 2 is divided by (-2)/(-26) - 2025/(-1053).
1
Let l(f) = 313*f**2 + 2*f - 1. Let k be l(1). Suppose -3*q = w - k, -2*q - 3*q + 514 = -3*w. Calculate the remainder when q is divided by 36.
32
Let n = -1 - -15. Suppose -15*o = -n*o. Suppose o = -4*y + y + 18. Calculate the remainder when 22 is divided by y.
4
Let w(l) = l**3 + 11*l**2 + 11*l - 2. Let s be w(-9). Let h = s + -26. What is the remainder when h is divided by 18?
17
Let v = -595 - -662. What is the remainder when 127 is divided by v?
60
Let h(z) = 24*z**2 - 7 - 10*z**2 - 15*z**2 - 8*z + 2*z. What is the remainder when 2 is divided by h(-4)?
0
Let a be 0*(-1 - (-6)/3). Let j(p) = -p**3 + 2*p + 14. Let r = 8 - 4. What is the remainder when j(a) is divided by r?
2
Let x(c) = -4*c - 22. Let j be x(-17). Let i = 52 - j. What is the remainder when i is divided by 2?
0
Let w(o) be the first derivative of o**4/2 - o**3/3 - o - 9. Let g be w(1). Suppose g = -0*c + c - 5. Calculate the remainder when c is divided by 2.
1
What is the remainder when 2 + 74*1 - 2 is divided by 466/2097 - (-115)/9?
9
Let p(w) = w**2 + 24*w - 192. What is the remainder when 1321 is divided by p(7)?
21
Let s = 273 + -216. What is the remainder when s is divided by 16?
9
Let v(l) = 5*l**2 - 5*l + 2. Let c(n) = n - 1. Let w(a) = -4*c(a) - v(a). Let k be w(2). Let x = k + 33. What is the remainder when x is divided by 9?
8
Suppose 4*z = -t + 126, -30*z = -26*z - 4*t - 116. Calculate the remainder when 59 is divided by z.
28
Let r(j) = j**3 - 17*j**2 + 5. Let g(t) = 5*t - 18. Let n be g(7). Let y be r(n). Suppose y + 15 = m. Calculate the remainder when 39 is divided by m.
19
Suppose 16*y - 769 - 239 = 0. What is the remainder when 183 is divided by y?
57
Suppose -81*d + 77*d = -624. Calculate the remainder when d is divided by 59.
38
Let u = 253 + -219. Calculate the remainder when 167 is divided by u.
31
Let d(w) = 24*w - 77. What is the remainder when 265 is divided by d(4)?
18
Let r = -494 - -495. Calculate the remainder when 17 is divided by r.
0
Calculate the remainder when (-13)/2*(-5 + -1) is divided by (-3 + (-32)/(-12))/((-8)/336).
11
Suppose -2*a - 62 + 171 = -u, 0 = a + 2*u - 47. What is the remainder when a is divided by 6?
5
Let i = 1573 + -1562. Let q = 10 + 19. What is the remainder when q is divided by i?
7
Suppose -328 = -2*d + 4*v, v - 101 - 63 = -d. What is the remainder when d is divided by 42?
38
Suppose 5*u + 15 = 0, 3*u = 5*r - 70 + 41. Let n = 2 + 1. Calculate the remainder when r is divided by n.
1
Let p = 11 + -7. Suppose 4*z - 6*z = -p. Suppose 21 = b + z*b. Calculate the remainder when b is divided by 4.
3
Suppose 3*b = 9, -5*x = 2*b + 3*b - 75. What is the remainder when x is divided by (-3 + 0)/((-4)/8) + 1?
5
Let s(b) = b**3 + 6*b**2 - 3*b + 5. Calculate the remainder when 6 + 693/11 + (-4)/2 is divided by s(-6).
21
Let r(m) = -7*m + 5. Let p(t) = 14*t - 9. Let v(l) = 6*p(l) + 13*r(l). Calculate the remainder when v(-5) is divided by (-2)/(6/(-9))*4.
10
Let b = 745 + -700. What is the remainder when 64 is divided by b?
19
Let d be 7*(-8)/(-140)*(8 + -3). Suppose 2*z + d*z - 5*h = 241, -z + 67 = h. What is the remainder when z is divided by 17?
13
What is the remainder when 1 + 30 - (-8 + 13) is divided by 6?
2
Let f(l) = -6*l - 4. Let b be f(10). Let w = -41 - b. What is the remainder when 204 is divided by w?
20
Suppose -4*v = -16, 0 = 2*l - v + 6*v - 34. Let b(p) = -p**3 + 17*p**2 - 18*p + 50. Calculate the remainder when b(16) is divided by l.
4
Let g = -6 - -101. Suppose -g = -3*h + 91. What is the remainder when h is divided by 87/4 + 14/56?
18
Suppose 0 = 12*s - 16 - 8. What is the remainder when (-2)/(-1) + 13 + -3 is divided by s?
0
Let q(r) = -4*r + 35. Let g = 5 - -1. What is the remainder when 119 is divided by q(g)?
9
Let s = 836 - 808. What is the remainder when 173 is divided by s?
5
Suppose 35 = -0*x - 2*x + y, 4*y - 20 = 0. Let a = 26 + x. Suppose 0 = m - 0*l + l - 11, -2*m = -l - 7. What is the remainder when a is divided by m?
5
Let v(p) = -17*p - 66. What is the remainder when 11 is divided by v(-4)?
1
What is the remainder when 151 is divided by (108/(-1))/18*(-58)/4?
64
Suppose 6018 = 4*r + 13*r. What is the remainder when r is divided by 71?
70
Let q(f) = -78*f**3 - f**2 - 2*f - 1. What is the remainder when q(-1) is divided by 20?
18
Let q(m) = -41*m**3 + m**2 + m - 1. Let r be q(1). Let z = 16 - 9. Calculate the remainder when z is divided by (-10)/4*48/r.
1
Let a(x) = -2*x**3 - 13*x**2 -